{"id":193,"date":"2013-09-01T21:01:22","date_gmt":"2013-09-01T21:01:22","guid":{"rendered":"http:\/\/hsc-contabilidade.com.br\/ibi\/?page_id=193"},"modified":"2023-09-16T00:54:43","modified_gmt":"2023-09-16T00:54:43","slug":"novidades-da-legislacao","status":"publish","type":"page","link":"http:\/\/hsc-contabilidade.com.br\/?page_id=193","title":{"rendered":"Novidades na Legisla\u00e7\u00e3o."},"content":{"rendered":"\n<p class=\"has-medium-font-size\"><strong>Governo vai fiscalizar PIX para MEI e empresas do Simples Nacional.<\/strong><\/p>\n\n\n\n<p>O Pix criado em fevereiro de 2020 e modificou completamente como as Empresas, Com\u00e9rcios e Pessoas fazem neg\u00f3cios hoje.<\/p>\n\n\n\n<p>Obviamente isso n\u00e3o ia ficar muito tempo sem um contra-ataque do Governo.<\/p>\n\n\n\n<p>O CONFAZ, (Conselhor Nacional da Fazenda P\u00fablica), que nada mais \u00e9 que os Secret\u00e1rios da Economia dos Estados, se juntaram a fizeram o Conv\u00eanio 50.<\/p>\n\n\n\n<p>Esse Conv\u00eanio determina que todos os Bancos e Institui\u00e7\u00f5es Financeiras devem informar todas as transa\u00e7\u00f5es com Cart\u00e3o de Cr\u00e9dito e PIX das empresas e pessoas.<\/p>\n\n\n\n<p>Umas das coisas mais comuns que tem no Brasil hoje, s\u00e3o com\u00e9rcios que vendem por meio do PIX ou Cart\u00e3o, passam do limite de faturamento e n\u00e3o declaram os valores que de fato receberam!<\/p>\n\n\n\n<p>A partir dessa mudan\u00e7a com o Conv\u00eanio, quem n\u00e3o declarar de fato o que recebe, n\u00e3o cumprir as obriga\u00e7\u00f5es fiscais e n\u00e3o se planejar, vai perder muito dinheiro.<\/p>\n\n\n\n<p>Fonte: <a href=\"https:\/\/www.jusbrasil.com.br\/artigos\/governo-vai-fiscalizar-pix-para-mei-e-empresas-do-simples-nacional\/1629934126#:~:text=Governo%20vai%20fiscalizar%20Pix%20para%20MEI%20e%20empresas%20do%20Simples%20Nacional.,-CURTIR&amp;text=O%20Pix%20criado%20em%20fevereiro,um%20contra%2Dataque%20do%20Governo.\">Governo vai fiscalizar Pix para MEI e empresas do Simples Nacional. | Jusbrasil<\/a><\/p>\n","protected":false},"excerpt":{"rendered":"<p>Governo vai fiscalizar PIX para MEI e empresas do Simples Nacional. O Pix criado em fevereiro de 2020 e modificou completamente como as Empresas, Com\u00e9rcios e Pessoas fazem neg\u00f3cios hoje. Obviamente isso n\u00e3o ia ficar muito tempo sem um contra-ataque do Governo. O CONFAZ, (Conselhor Nacional da Fazenda P\u00fablica), que nada mais \u00e9 que os &hellip; <\/p>\n<p><a class=\"more-link block-button\" href=\"http:\/\/hsc-contabilidade.com.br\/?page_id=193\">Continue lendo &raquo;<\/a><\/p>\n","protected":false},"author":1,"featured_media":0,"parent":0,"menu_order":0,"comment_status":"closed","ping_status":"closed","template":"","meta":[],"_links":{"self":[{"href":"http:\/\/hsc-contabilidade.com.br\/index.php?rest_route=\/wp\/v2\/pages\/193"}],"collection":[{"href":"http:\/\/hsc-contabilidade.com.br\/index.php?rest_route=\/wp\/v2\/pages"}],"about":[{"href":"http:\/\/hsc-contabilidade.com.br\/index.php?rest_route=\/wp\/v2\/types\/page"}],"author":[{"embeddable":true,"href":"http:\/\/hsc-contabilidade.com.br\/index.php?rest_route=\/wp\/v2\/users\/1"}],"replies":[{"embeddable":true,"href":"http:\/\/hsc-contabilidade.com.br\/index.php?rest_route=%2Fwp%2Fv2%2Fcomments&post=193"}],"version-history":[{"count":6,"href":"http:\/\/hsc-contabilidade.com.br\/index.php?rest_route=\/wp\/v2\/pages\/193\/revisions"}],"predecessor-version":[{"id":4739,"href":"http:\/\/hsc-contabilidade.com.br\/index.php?rest_route=\/wp\/v2\/pages\/193\/revisions\/4739"}],"wp:attachment":[{"href":"http:\/\/hsc-contabilidade.com.br\/index.php?rest_route=%2Fwp%2Fv2%2Fmedia&parent=193"}],"curies":[{"name":"wp","href":"https:\/\/api.w.org\/{rel}","templated":true}]}}